eatest common divisor of v and 138.
46
Let i(j) = 35*j + 279. Let g(y) = 33*y + 279. Let t(f) = 4*g(f) - 5*i(f). Let w be t(-18). What is the greatest common divisor of 55 and w?
55
Let p be (-33)/(-9) - (-10)/(-6). Suppose 0 = 4*t - 2*r - 360, -p*r = 3*t - 6*r - 265. Calculate the highest common factor of 14 and t.
7
Let x be 570/4*20/6. Let a be x/(-19)*(-24)/10. Suppose -5*i = 3*t - 3*i - a, -t - i = -19. What is the highest common divisor of 2 and t?
2
Let j be -22 + -5*(-4)/(-20). Let y(a) = a**2 + 5*a - 402. Let d be y(j). Calculate the highest common divisor of d and 12.
12
Let m be (21 - 3)*(-9256)/(-267). What is the greatest common divisor of 48 and m?
48
Let u be (6/3 + -24)/((-6)/(-156)). Let w = -432 - u. What is the highest common divisor of 20 and w?
20
Let g(s) = -s**3 - 9*s**2 - 6*s - 16. Let d be g(-7). Let q = d + 102. Suppose 8 = -2*f, 2*y - 6*y + 236 = f. What is the highest common divisor of q and y?
30
Let f = 16579 + -16245. What is the greatest common factor of 34 and f?
2
Suppose 2*v = -8, 0*v - v = -4*i + 340. Suppose -6*a = -2*a - i. Let d(t) = 8*t**2 - 7*t + 3. Let u be d(5). What is the greatest common divisor of u and a?
21
Let b(f) = f**3 - 19*f**2 + 85*f + 35. Let n be b(11). What is the highest common divisor of 706 and n?
2
Let g = -1920 + 1950. Calculate the highest common divisor of g and 6240.
30
Suppose -27*t - 19*t = -31740. Suppose 24 = -686*d + t*d. What is the highest common divisor of d and 111?
3
Let l be (-143008)/(-369) + (-8)/(-18). Calculate the greatest common factor of l and 97.
97
Let i = 2066 - 1916. What is the greatest common factor of 5325 and i?
75
Suppose -2893*q + 2898*q - 3*f - 74544 = 0, 4*q - 59648 = 4*f. What is the highest common factor of q and 23?
23
Let s = -106 - -196. Let z be -16 + 51 - -32 - 13. Calculate the greatest common factor of s and z.
18
Suppose 0 = -6*c + 2*c. Let t = c + 18. Suppose -20*g + 27*g - 189 = 0. Calculate the greatest common factor of t and g.
9
Suppose 240 = 133*n + 133*n - 264*n. Let a(k) = k**2 + k + 3. Let p be a(3). What is the highest common factor of n and p?
15
Let n be ((-19)/2)/((-724)/39096). What is the highest common divisor of 1083 and n?
57
Suppose -3*k = 5*m - m - 155, 4*k - 195 = -5*m. Let y be (-1)/6 + 543/18. What is the highest common factor of m and y?
5
Suppose 3*u = -3*l + 1740, -l - 5*u - 88 = -684. Calculate the highest common divisor of l and 48.
48
Let c = -38 + 55. Let f(p) = p**3 - 3*p**2 - 10*p + 27. Let s(b) = 11*b - 92. Let l be s(9). Let u be f(l). What is the highest common factor of u and c?
17
Let o(b) = 553*b**3 - 2*b - 4. Let u be o(2). Suppose -6*l + u = 18*l. What is the highest common divisor of l and 115?
23
Let h(s) = -614*s - 6138. Let a be h(-11). Calculate the highest common factor of a and 1144.
88
Let g = -22 - -8. Let f = 46 + g. Suppose 27*t - 23*t = f. Calculate the greatest common factor of 1 and t.
1
Suppose 4*a - 3*b - 54449 = 0, -2120 = -a - 2*b + 11506. Suppose -4*w = 19*w - a. Calculate the highest common divisor of 37 and w.
37
Let x be (115/(-5))/(-115) + 27824/5. Calculate the highest common factor of 21 and x.
21
Let t = 251 - 246. Suppose -t*w + 682 = -4*n, -10*w + 2*n - 280 = -12*w. Calculate the highest common factor of 6 and w.
6
Let u(l) = 16*l - 166. Let c(z) = -13*z + 165. Let q(y) = 6*c(y) + 5*u(y). Let w be q(-33). Calculate the greatest common factor of 846 and w.
94
Let b(q) be the first derivative of 15*q**2 - 103*q + 139. Let v be b(18). What is the highest common divisor of v and 23?
23
Let x(r) = -7*r**3 + 5*r**2 + 13*r + 26. Let k be x(-3). Let m = k - -94. What is the highest common divisor of 252 and m?
63
Let d(a) = 2*a**3 + 90*a**2 + 5*a + 261. Let o be d(-45). Calculate the highest common factor of o and 1566.
18
Suppose -16 = -28*g + 30*g. Let c be 1/((-2)/g) - -66. Let j be (-1001)/(-99) - 2/18. What is the highest common divisor of j and c?
10
Suppose 4*y - 36 = 8. Let j be (y/(-2))/((-19)/684). Suppose 7*l = j + 33. Calculate the highest common factor of 11 and l.
11
Suppose -3*d - 20*p = -18*p - 5495, -5*d + 9161 = 2*p. What is the greatest common factor of 663 and d?
39
Let w = 598 + -562. Suppose 0 = -18*q + 21*q - 1242. Calculate the highest common divisor of w and q.
18
Let w be (-352)/88 + (-60)/(-1). Calculate the highest common divisor of 68 and w.
4
Let v be 4*12/16 - 1. Let z(f) = 9*f + 3. Let y be z(v). Let l = 432 + -390. What is the highest common divisor of l and y?
21
Let x = -557 - -871. Let a = 514 - x. What is the highest common factor of a and 50?
50
Let i be 1240/25*(-2945)/(-76). Calculate the highest common factor of 806 and i.
62
Suppose 0 = -p - 5, -j + p = j - 29. Let i = j - -38. Suppose -84 = -4*b - 4. What is the greatest common divisor of b and i?
10
Suppose -7*r + 6*r + q - 246 = 0, -r - 4*q = 221. Let l = -87 - r. What is the highest common factor of 42 and l?
14
Let z = -5439 + 7130. What is the greatest common factor of 38 and z?
19
Let s(r) = 673*r + 4749. Let i be s(-7). Calculate the highest common divisor of 10887 and i.
19
Let r be 1/(0 + 2/10). Suppose 4*m - 4*b + 12 = 0, -2*m + r*m = -b + 11. What is the greatest common factor of 8 and m?
2
Suppose -3*q = -2*w + 1003, 4*q = 3*w - 2*w - 509. Suppose -9214*u + 9351*u = 19454. Calculate the greatest common factor of u and w.
71
Let a be 256/18 + 8/(-36). Let y = 132 - 138. Let o be (4/3)/((-1)/(y/4)). What is the greatest common divisor of a and o?
2
Let q be (-11 + 14)/(7/((-350)/(-3))). Let s(o) = 2*o + 5. Let m be s(10). What is the greatest common factor of m and q?
25
Suppose -5*b - 2*m + 118 = 84, 3*m + 1 = -b. What is the highest common divisor of 1568 and b?
8
Let l be (-7)/((-126)/12)*(4 + -1). Let x be (2/(-5))/(l/(-5))*-5. Let p be 8 + x + 1 + 4. Calculate the highest common factor of p and 16.
8
Suppose 4*r = 5*d + 104, 0 = -5*r + 5*d + 221 - 86. Let a = 35 + r. What is the highest common divisor of 99 and a?
33
Suppose -11*y + o - 242 = -12*y, y - 5*o - 230 = 0. Let h(c) = 2*c**2 - 2. Let a be h(-7). Calculate the highest common divisor of a and y.
48
Let n be 42/(0 + 3 + -1). Let z(o) = -5*o**3 - 4*o**2 + 4*o + 12. Let d be z(-2). Calculate the greatest common divisor of d and n.
7
Let p = -82867 - -82903. Suppose -n + 4504 = 5*o, 4*o + 7*n - 3608 = 5*n. Calculate the highest common factor of p and o.
36
Let l be (-896)/(-256)*(-66)/(-7). What is the highest common divisor of l and 1331?
11
Let u(z) = z**3 - 14*z**2 + 22*z + 93. Let i be u(17). Calculate the greatest common factor of i and 174.
58
Let f = 3879 + -3823. Let v(s) = 5*s**3 + 4*s**2 + s - 2. Let r be v(5). What is the greatest common factor of f and r?
56
Suppose -49*v + 56*v - 2884 = 0. What is the greatest common divisor of v and 8858?
206
Let l be (-7)/((-42)/(-96)) - -1615. Calculate the greatest common divisor of l and 123.
123
Let m = 565 - 273. Let u = m + -184. Let n be (-12)/((-3)/(6/2)). What is the highest common factor of n and u?
12
Let u(l) = -14*l + 74. Let o(n) = -29*n + 148. Let q(t) = 3*o(t) - 7*u(t). Let s be q(15). What is the highest common factor of s and 65?
13
Let q be 2 + (-15)/7 - 102/21. Let g be 4 + 96 + q - -1. What is the highest common divisor of g and 160?
32
Suppose 2*z + z - 42 = 0. Suppose 2*p - 1 = 5*u, 15*u - 16*u + 1 = 0. Let a be (63 - 60)*49/p. What is the highest common divisor of z and a?
7
Let q(j) = 2*j**3 + 119*j**2 - 57*j + 200. Let i be q(-60). What is the highest common divisor of i and 95?
5
Suppose 100 + 476 = -4*q. Let t be q/10 + -5 + (-162)/(-30). Let o = t - -84. What is the highest common factor of 14 and o?
14
Let w = 5047 - 4886. What is the greatest common factor of 4186 and w?
161
Let g(c) = 2*c**3 + 29*c**2 - 13*c + 50. Let d be g(-15). Suppose -d*q + 1071 = -3*q. Calculate the greatest common factor of q and 9.
9
Let z(i) = 329*i + 134. Let m be z(4). Calculate the highest common divisor of m and 232.
58
Let x(b) = -b**2 + 67*b + 282. Let g be x(60). Calculate the greatest common factor of 3393 and g.
117
Let k = -980 + 1002. Calculate the greatest common divisor of k and 671.
11
Let k(v) = 3*v - 14. Let f be k(8). Suppose -f = -a + 6. Calculate the highest common factor of a and 40.
8
Suppose 17*x + 31*x - 21545 = -3113. Let s(u) = u**2 + 